= -15. Let o(g) = 6*g**3. What is o(d)?
6
Let i(w) = -w**2 + 4. Let b(s) = 3*s - 6. Let x be b(2). Suppose -4*m - 20 = x, -2*k + m = 4*m + 23. Give i(k).
-12
Let c(x) be the first derivative of 14 - 7*x - 1/2*x**2. Give c(-11).
4
Let c(j) = j**2 + 13*j + 14. Let x(y) = -4*y**2 + 5*y - 6. Let n be x(2). Let g be c(n). Let h(s) = 2 + 2 - g*s + 0 + s**3 - 3*s**2 + 0*s**2. What is h(3)?
-2
Suppose 3*k = -m + 2*m + 29, -4*m - 5*k - 201 = 0. Let g = 45 + m. Let w(i) = -3*i. Let t(d) = -d. Let z(u) = -2*t(u) + 2*w(u). Calculate z(g).
-4
Let m(j) be the first derivative of j**2/2 - 6*j + 482. Calculate m(6).
0
Suppose 16*x = -13*x. Let q(z) be the third derivative of -5/24*z**4 + 0*z + x - 1/2*z**3 + 1/60*z**5 - 6*z**2 + 1/120*z**6. What is q(-3)?
-6
Let s(v) = -2*v - 1. Suppose c = -0*c - 9. Let b(a) = 23285 - 23296 - 3*a + 2*a. Let y be b(c). What is s(y)?
3
Suppose 10 = -18*u + 23*u. Let c(n) = 11*n + u*n - 12*n. Give c(-6).
-6
Let w(u) be the first derivative of -u**4/4 + u**3/3 - u**2/2 - 3*u - 76. Determine w(3).
-24
Let m(b) = 10*b**2 + 2*b - 1. Let f(v) = 30*v**2 + 7*v - 3. Let d(k) = -2*f(k) + 7*m(k). Suppose -19*h = -84*h + 65. Calculate d(h).
9
Let x(c) = 2*c + 9. Suppose 5*g = -3*v + 241, 2*g - 3*g + 344 = 4*v. Let j = 80 - v. Determine x(j).
-5
Let h(o) be the second derivative of -o**4/12 - 30*o. Let g(c) = 4*c**2 + 4*c - 4. Let t(f) = g(f) + 5*h(f). Calculate t(6).
-16
Let g(h) = 2*h**3 + 37*h**2 + 24*h + 112. Let k be g(-18). Let u(d) = -2 + 0*d - d + 4*d. What is u(k)?
10
Let f(o) = 1. Let i(k) = k**3 + 6*k**2 + 2*k - 19. Let w be i(-5). Let x(j) = j**2 + 4*j - 2. Let c(p) = w*f(p) - x(p). Give c(-3).
1
Let k(w) = -3*w - 23. Let b be -4 - 0*3/(-30). What is k(b)?
-11
Let j be (-46)/6 - 1 - (-64)/96. Let s(l) = l + 13. Calculate s(j).
5
Let g(x) = 95*x**3 + 28*x**2 + 3*x - 11. Let h(n) = -32*n**3 - 10*n**2 - n + 4. Let i(p) = 4*g(p) + 11*h(p). What is i(-1)?
-27
Let f be (8/(-10))/((-4)/(-50)). Let b = f + 6. Let q(j) = -j**3 - 4*j**2 + 2*j + 5. Calculate q(b).
-3
Let i(u) = 0*u**2 - u**2 - u**3 - 2*u**2 - 2*u - 3. Let p be 6*3/(-4) + 6/(-12). Let k be (-20)/25 - (-6)/p. Calculate i(k).
-3
Let w(m) be the first derivative of -m**4/4 - 3*m**3 - 5*m**2 - 3*m + 1. Suppose 19*c + 704 = 9*c - 78*c. Calculate w(c).
13
Suppose 4*n = 3*h + 29, 5*h - 2*h + 7 = 2*n. Let m(d) = d**3 - 12*d**2 + 13*d - 25. Determine m(n).
-3
Let u(b) = -3*b - 4. Let d(i) = i**2 + 16*i - 12. Let r be d(-17). Suppose -c - 7*v - 9 = -5*v, -r*c + v = 34. Give u(c).
17
Let g(l) = 25*l - 86. Let a(s) = -76*s + 230. Let d(u) = -3*a(u) - 8*g(u). Determine d(1).
26
Let j(i) = -11*i**3 + 2*i**2 + i. Let v(q) = -q. Let b(r) = -j(r) - 2*v(r). Let o(m) = 11*m - 65. Let z be o(6). What is b(z)?
10
Let t(z) = z**2 + 6*z + 3. Suppose -24*u = -36*u - 96. Calculate t(u).
19
Let w(n) = 4*n**3 - n**2 + n + 1. Suppose -3*h - 12 = -g, -3*h + 0*h = g. Suppose -4*t + g*t + 2 = 0. Let c be 1 - t - (-3 + 6). Determine w(c).
-5
Let v(g) = 4*g - 4. Let z be 3/(-2)*1*(-154)/33. What is v(z)?
24
Let b be (-207)/(-63) + (-4)/14. Let s(k) = -k + 5*k - 5*k**2 + 4*k**2 - k**3 + b. Calculate s(-3).
9
Let p(x) be the first derivative of 1 + 2*x**2 + 2*x**3 + x + 1/4*x**4. Calculate p(-5).
6
Let q(h) = h**2 - 9*h + 8. Let y(b) = -b**2 + 10*b - 9. Let o be -4 + -1 + -2 + 1. Let r(x) = o*q(x) - 5*y(x). Calculate r(3).
0
Let w be ((-8)/(-20))/(4/20). Let t(c) = 0*c**2 - c**3 + 4*c**w + 9*c - 2*c. Determine t(5).
10
Let l(i) = i**2 - 5*i + 9. Let m be (-104)/(-15) + (-1)/(-15). What is l(m)?
23
Suppose -4*z = -4 - 12, 2*w = -2*z - 56. Let p be 48/w*(-1 + 3). Let f(d) be the second derivative of d**4/12 + d**3/3 - 3*d**2/2 + 2*d. What is f(p)?
0
Let n(b) = b**2 - 2*b + 33. Let a(z) = 7*z**2 - 13*z + 197. Let t(m) = -2*a(m) + 13*n(m). What is t(-6)?
-1
Let i(g) be the first derivative of g**2 + 9 - 2*g**3 + 1/4*g**4 - 9*g. Let m be (2/4)/(1/12). What is i(m)?
3
Let q(v) be the second derivative of -v**5/20 + 5*v**4/12 + 5*v**3/6 + v**2/2 + v - 18. Give q(6).
-5
Let h = -281 - -285. Let z(b) = -b + 3. What is z(h)?
-1
Suppose -4*a - 33 = -3*u - 5*a, -9 = 3*a. Let o(w) = -w**2 + 16*w - 14. Calculate o(u).
34
Let c(l) = l**2 - 5*l + 7. Let v be c(3). Let f(d) = v - 290*d**2 + 6*d + 4 + 288*d**2. Calculate f(5).
-15
Let s(p) = -7*p - 1 + 9 + 4*p + 5*p. What is s(10)?
28
Let c(f) = -4*f**2 + 78*f + 42. Let j be c(20). Let s(q) = -2*q**3 + 3*q**2 - q + 1. Give s(j).
-5
Suppose 49 = 129*b - 136*b. Let s(m) = m**2 + 9*m + 1. Give s(b).
-13
Let g(l) = -l**2 + 8*l + 21. Suppose 3*x - n = -24 + 59, -3*x - 4*n = -10. Determine g(x).
1
Let x(u) = -3*u**3 - 7*u**2 - u + 1. Let c(y) = -16*y**3 - 36*y**2 - 5*y + 4. Let o(p) = -2*c(p) + 11*x(p). Calculate o(-3).
-12
Let z(f) be the first derivative of 1/4*f**4 + f**2 + f**3 - 2*f - 3. Let w be (-3)/2*(-2)/3 + -3. Calculate z(w).
-2
Suppose -4 - 8 = -3*u. Let n(y) = 4*y - 5 - u*y - y + 1. Let q be n(-11). Let p(i) = -2*i + 7. Determine p(q).
-7
Let c(w) = 4*w - 7. Let f(u) = 4*u - 8. Let z(d) = 6*c(d) - 5*f(d). Let r be z(2). Let h(i) = 1 + r*i + 4 - 2. Give h(-2).
-9
Let g be 0*(-5)/(10/(-2)). Suppose 2*v - 20 - 6 = g. Suppose 6*o = v - 1. Let u(c) = -3*c - 2. Give u(o).
-8
Let v(z) be the second derivative of 2*z**3/3 - 37*z. Suppose 3*y - 2*w - 3 = 6, -5*w + 9 = 3*y. Suppose 0 = y*p - p - 2. What is v(p)?
4
Let g(q) = -25 - 2*q**2 - 7*q - 8*q - 28*q + 15*q. What is g(-13)?
1
Let m(x) = 7*x - 52. Let y be (-12)/(120/(-65)) - 2/(-4). Determine m(y).
-3
Let s(x) = 3*x - 2. Suppose 0 = -4*v - 5*j + 44, 8 = -8*j + 10*j. Give s(v).
16
Let v(m) = -m**3 + m**2 - m + 2. Let w be v(0). Let i(r) = 17 - 15 + 1041*r - 1043*r. Calculate i(w).
-2
Let v be (-44)/(-12) + 4/3. Let g(i) = -i**3 - i**2 + 1. Let z(c) = 6*c**3 + c**2 - 4*c - 5. Let o(d) = 5*g(d) + z(d). Give o(v).
5
Let z(l) be the third derivative of l**5/60 - l**4/12 - 2*l**3/3 - 2*l**2. Let t = 61 + -49. Let q be (-1)/((-4)/(t - -4)). What is z(q)?
4
Let b be (0 - 1)*(0 + -1). Let u(n) = 55*n - 1 + 0 + 44*n - 124*n + 35*n. Give u(b).
9
Let i(z) = z**3 + 18*z**2 + 17*z - 2. Suppose 23*u + 78 = -313. Give i(u).
-2
Let z(h) = h - 3. Let j be z(-3). Let w = j + 16. Let v = w - 16. Let l(g) = 4*g + 9. Give l(v).
-15
Suppose -266*k - 561 - 1 = 15*k. Let z(r) be the first derivative of -5*r**3/3 - r**2/2 + 2*r - 1. What is z(k)?
-16
Let o(y) = y**2 - 4*y - 9. Let u be o(0). Let g(w) = w**2 + 8*w - 13. Let p be g(u). Let c(l) = -l**2 - 3*l. Determine c(p).
-4
Let n be 4 + 4/(-2) - -3. Let h(q) = -2*q**2 + 10*q + q**2 + 17*q - 21*q. Determine h(n).
5
Let x be ((-2)/(-1))/((48/81)/(-8)). Let i = 28 + x. Let v(l) = 9*l - 1. What is v(i)?
8
Let o(f) = f**2 + 6*f - 3. Let g be (-2 - 91/(-14))*(-2 - 0). Let z(d) = 2*d**3 + 16*d**2 - 19*d - 16. Let u be z(g). Determine o(u).
4
Suppose 0 = 4*r + 16, 2*t - 2*r = r + 22. Suppose -4*h = -t*a + 17, -9 = -3*h - a + 2. Let n(f) = f**3 - f**2 - 3*f + 2. Determine n(h).
0
Suppose -420 - 330 = -150*s. Suppose 5*r + 0*r - 10 = 0. Let j(g) = 3*g + g**2 + 3*g - 2*g**r - 1. Give j(s).
4
Suppose w + 10 = -w, -3*w - 3 = 4*q. Suppose -3*k + u = 2*k - 1, 3 = 5*k - q*u. Let p(j) = -j**3 - j - 14. Give p(k).
-14
Suppose -6 = -3*c, -3*t - 3*c - 44 = -8*t. Let o(j) = -j**2 + 10*j - 2. Let p be o(t). Let m(s) be the third derivative of s**4/8 - 2*s**2. What is m(p)?
-6
Let q = -296 + 301. Let z(t) = -t**3 + 6*t**2 - 4*t - 5. Determine z(q).
0
Let l(y) = -3*y + 34. Let n be l(10). Let w be -2*1*(n - 6). Let b(s) = -2*s + 3. What is b(w)?
-5
Let x(a) = -a**3 - 5*a**2 - 2*a + 4. Let k(h) = -h**2 - 7*h + 5. Let g(m) = -2*m**2 - 14*m + 10. Let p(v) = 4*g(v) - 9*k(v). Let d be p(-7). Give x(d).
14
Let q = 6 - 4. Suppose -20 = q*n + 3*n. Let f(v) = v**3 + 8*v**2 - v**2 - 4 + 2*v - 3*v**2. Calculate f(n).
-12
Let d(n) = 87 - 161 + 8*n + 72. Calculate d(4).
30
Let p(d) = -4*d - 7*d + 18*d - 5*d + 1 - d. Give p(-6).
-5
Let y = -41 + 38. Let p(i) = 3*i**3 + 4*i - 15. Let n(z) = 2*z**3 + 3*z - 15. Let l(h) = y*p(h) + 4*n(h). Calculate l(0).
-15
Let m(d) = 16*d**3 - 6*d**3 + 11*d**2 - d**2 - 8*d - 11*d**3 - 8. What is m(9)?
1
Suppose f - 3*o - 1 = 2, 0 = 3*o - 9. Suppose -l = -2*s - 6*l - f, 4*l - 24 = 4*s. Let y(v) = -v**2 - 4*v - 5. Determine y(s).
-17
Let l(m) = m**3 - m - 2. Let n(x) = -4*x**3 - 7*x**2 + 11*x + 12